vided by j(-15)?
6
Let x = 130 - 72. Suppose -5*y = g + 18, 0 = 5*g - 4*y + 3 - x. Let h(t) = -2*t - 9. Calculate the remainder when g is divided by h(-6).
1
Let t(x) = 8*x - 3. Calculate the remainder when 57 is divided by t(3).
15
Let r(d) = -23*d - 17. What is the remainder when (-1 - 0)*(-11 + 1) is divided by r(-1)?
4
Let j(b) = b**2 + 31. Let l(g) be the second derivative of -g**5/20 + g**4/4 + g**3/2 + g**2 + 2*g. Calculate the remainder when j(0) is divided by l(3).
9
Let z = -16 - -34. Calculate the remainder when (1 - 37/3)*-3 is divided by z.
16
Let v(h) = -h**2 + 4*h. Suppose -2*i = 3*i. Suppose i = -l - 2*a + 4, a + 12 = 3*l. Calculate the remainder when l is divided by v(3).
1
Suppose -5*m + 2 = -13. Suppose -2*k + 10 = 3*k. What is the remainder when m is divided by k?
1
Let l = -80 + 55. Let r = l + 32. Calculate the remainder when 26 is divided by r.
5
Suppose -9*l + 124 = -5*l. Suppose 1 = -2*m + l. Calculate the remainder when 28 is divided by m.
13
Suppose -m + 44 = 3*m. Calculate the remainder when 43 is divided by m.
10
Suppose 3*k - 41 = -j, 0 = -3*j - 4 + 19. Let p(g) = g**2 + 7*g - 15. Calculate the remainder when p(-12) is divided by k.
9
Let z(a) = 71*a**3 + 2*a**2 + 2. Let j be z(2). What is the remainder when 20/(-70) + j/14 is divided by 21?
20
Let g(o) = o**2 + 3*o - 3. Let z(b) = -b**2 + 21*b - 10. What is the remainder when z(18) is divided by g(-6)?
14
Let r(l) = -l**3 - 8*l**2 - 4*l - 1. What is the remainder when r(-9) is divided by 30?
26
Let t = 50 + -29. Calculate the remainder when 38 is divided by t.
17
Let x(m) = m**3 + 3*m**2 - 7*m - 5. Let v be x(-5). Let l = v - -32. Suppose 3*w = 6, 0*w = 4*d + 4*w - l. What is the remainder when d is divided by 1?
0
Suppose 0 = 5*u - 15, 2*w = -0*u + 3*u + 81. What is the remainder when w is divided by 16?
13
Let p = 90 + -9. Suppose 5*d - p = -26. What is the remainder when 30 is divided by d?
8
Suppose 8*g - 5*g + 5*f = -22, 0 = -3*f - 6. Let p be 2/g*(1 - -43). Let x = p - -38. What is the remainder when x is divided by 6?
4
Suppose 8 = v - 3*c - 4, 0 = -v - 2*c + 32. What is the remainder when 71 is divided by v?
23
Let q(c) = 3*c + 19. Calculate the remainder when 7 is divided by q(-4).
0
Suppose -5*z = -0*z + 1100. Let s be (-1)/(-3) + z/(-6). Let b = s - 18. What is the remainder when b is divided by 7?
5
Let w = 1 - -14. Suppose -x + 4*x - w = 0. Calculate the remainder when 9 is divided by x.
4
Suppose -7*d + 2*d + 10 = 0. Calculate the remainder when (2 - 111)/(d + -3) is divided by 28.
25
Let f(l) = -l**3 - 2*l - 9. What is the remainder when 94 is divided by f(-3)?
22
Suppose 4*c = -3*c + 105. Calculate the remainder when 56 is divided by c.
11
Let r be (2/4)/(6/216). Let n = -12 + r. Calculate the remainder when n is divided by 4.
2
Let n be (-40)/(-6)*(-36)/(-2). Suppose -3*q = q - n. What is the remainder when (-5)/(-3)*q/2 is divided by 9?
7
Suppose -3*o - 6 + 33 = 0. Calculate the remainder when o is divided by 5.
4
Let a(t) = -t**3 + 7*t**2 - 6*t + 5. Let m be a(6). Suppose 0 = -m*q + 59 - 14. Calculate the remainder when 34 is divided by q.
7
Suppose -37 = -2*w + 105. Suppose 54 = -6*j + 9*j. What is the remainder when w is divided by j?
17
Let d(n) = 3*n**3 - 3*n**3 + 2*n**3 - 2*n**2 + n - n**3 + 2. What is the remainder when 19 is divided by d(2)?
3
Suppose -3*y + 5*q + 28 + 18 = 0, 2*y = -4*q - 6. What is the remainder when y is divided by ((-36)/(-6))/(9/6)?
3
Suppose -73 = -3*b + 5*h, -14 = -2*b - 3*h + 22. Calculate the remainder when 62 is divided by b.
20
Let p(c) = 2*c**2 - 22*c - 8. What is the remainder when 52 is divided by p(12)?
4
Let g be (-9)/36 + (-2)/(-8). Suppose 4*r = -3*m + 11, g*r - 2 = -r. Let x(n) = -n**2 + 3*n - 1. Calculate the remainder when x(2) is divided by m.
0
Suppose -3*j + 6*j + 3 = 0. Let t(b) = b**3 - 15*b**2 + 15*b - 1. What is the remainder when (37 - j)/(4/4) is divided by t(14)?
12
Let k = 16 + -4. What is the remainder when 56 is divided by k?
8
Let a = -5 - -8. Let s be a/1 - 130*-1. Suppose -3*j = 4*m - 112, 5*m = -j - j + s. What is the remainder when 49 is divided by m?
24
Let l be -2*1/4*-4. Suppose 3*o = -l*o + 50. Calculate the remainder when 38 is divided by o.
8
Suppose o + 4*k - 59 = -4*o, 5*o + 2*k - 57 = 0. Suppose -4*i - 5*v = -3, 0 = -4*i + v - 14 - 1. What is the remainder when ((-45)/i)/(6/8) is divided by o?
9
What is the remainder when 34 is divided by ((-10)/(-8))/(-6 - 150/(-24))?
4
Let p(a) = 3 + a**2 - a - 3*a - a. Let n be p(5). What is the remainder when 12 is divided by (42/(-9))/((-2)/n)?
5
Suppose 0 = -6*z + 90 + 126. Calculate the remainder when z is divided by 20.
16
Let y(f) = -f**3 - 5*f**2 + 22*f - 1. Calculate the remainder when 29 is divided by y(-8).
14
Let u(m) = -m**2 - 12*m - 3. Calculate the remainder when u(-8) is divided by 15.
14
Let j be (2/(-4))/(2/(-20)). Suppose -38 = -4*o + 2*i, 21 = -j*o + 3*i + 70. Calculate the remainder when 28 is divided by o.
4
Let k(m) = -m**2 - 2*m - 1. Let h be k(-2). What is the remainder when (-2)/3*30/(-4) is divided by h - 3/(1/(-1))?
1
Suppose -2*f = 2*f - 68. Calculate the remainder when 10/6*(-156)/(-4) is divided by f.
14
Calculate the remainder when ((-5)/3)/(5/(-126)) is divided by 12.
6
What is the remainder when 59 is divided by 3/18 + 284/24?
11
Let g(i) = i + 1. Let a(o) = -o - 2. Suppose 4*u + 21 = u. Let m(v) = u*g(v) - 6*a(v). What is the remainder when m(4) is divided by 1?
0
Let a be ((-6)/(-8))/(7/(-28)). Let y = a + 12. Calculate the remainder when 16 is divided by y.
7
Suppose 7*p - 22*p + 195 = 0. What is the remainder when 35 is divided by p?
9
Suppose -i + l - 10 = -2*l, -10 = -3*i - l. What is the remainder when 3 is divided by i?
1
Let h = 74 - 47. What is the remainder when h is divided by 6?
3
Suppose u = -3*t + 9, -4*u - 5*t = -29 - 14. Suppose 12*b - 34 = 11*b. Calculate the remainder when b is divided by u.
10
Suppose -209 = -5*x + 3*n, -5*n + 36 + 69 = 3*x. Calculate the remainder when 118 is divided by x.
38
Suppose -32*v = -33*v + 3. Calculate the remainder when 9 is divided by v.
0
Calculate the remainder when 1645/20 + (-2)/8 is divided by 14.
12
Let g = 11 + 14. What is the remainder when 99 is divided by g?
24
Let o(y) = -y**3 + 6*y**2 + 2*y - 2. Let b be o(3). Let q be b + -1 + -2 + 1. Suppose -4*s = -q - 11. What is the remainder when s is divided by 6?
4
Calculate the remainder when 43 is divided by (-1 - 24 - -3)/(-1).
21
Let d(b) = b + 11. Let j be d(-5). Suppose 3*c - j = c. Suppose 1 - 16 = -c*m - 3*y, 0 = 2*m + 3*y - 13. What is the remainder when 2 is divided by m?
0
Suppose 3*w - 4*w = -118. Let d = 4 - 0. Suppose 0 = -d*v + 3*c + w, -c + 6 = 2*c. Calculate the remainder when v is divided by 11.
9
Let l = 20 - 5. What is the remainder when l is divided by 10?
5
Let x = 7 - 0. Let k(a) = a**3 - 8*a**2 - 4*a - 19. Calculate the remainder when k(9) is divided by x.
5
Suppose -2*r - 4*o + 48 = 2*r, 0 = 5*o + 20. What is the remainder when 77 is divided by r?
13
Let c = 105 + -12. Calculate the remainder when c is divided by 24.
21
Suppose 0 = 2*d - 3*y - 24, d + 3*y + 4 = -2. Suppose 40 = d*p - 2*p. What is the remainder when p is divided by 4?
2
Let w be 112/(-24)*36/(-14). Suppose 4*p - 5*p + w = 0. What is the remainder when 70 is divided by p?
10
Let v = 10 - 4. Calculate the remainder when (-20)/(-3)*(-18)/(-12) is divided by v.
4
Suppose -5*a = 5, -5*f - 16 = -5*a - 101. Let c(g) = g**3 - 3*g - 5. Calculate the remainder when c(4) is divided by f.
15
Let y be 664/10 + (-6)/15. Suppose 0 = 4*f + y - 238. Calculate the remainder when f is divided by 22.
21
Let g = 31 + 1. Suppose -8 = -q - 6*h + h, -4*q = 2*h - g. Calculate the remainder when 29 is divided by q.
5
Suppose -6 = -2*z - 2. Suppose 2*x + 2*o = 4, 7*x - z*x - 3*o = 10. Calculate the remainder when 1 + -2*(2 + -3) is divided by x.
1
Let a(j) = j**3 - 3. Let r be a(0). Let p = r - -77. What is the remainder when p is divided by 19?
17
Let n(b) = 2*b - 19. What is the remainder when 9 is divided by n(12)?
4
Calculate the remainder when (31/2)/(7/14) is divided by 17.
14
Suppose 2*a - 5*a + 27 = 0. What is the remainder when a is divided by 3?
0
Let c be (56/12*-3)/2. Let x(n) = -12*n - 14. Calculate the remainder when x(c